divided by l.
11
Suppose -566 - 33 = -5*n + 2*y, 5*n = -3*y + 614. Calculate the remainder when 2/6*(n - -2) is divided by 11.
8
What is the remainder when (-1)/(2/6)*(-423)/27 is divided by 24?
23
Let a = 4 - 5. Let s be (3 + -1)*(a + 21). Suppose 5*b - 5*g = -0*g + s, 5*g - 16 = -3*b. What is the remainder when 12 is divided by b?
5
Let k(n) = -34*n + 7. Let d be k(-5). Let l be d/12 - (-2)/8. Let b = 29 - l. What is the remainder when 40 is divided by b?
12
Let j(g) be the first derivative of 26*g**3/3 + g - 10. What is the remainder when j(-1) is divided by 15?
12
Let x(j) = 33*j + 1. Calculate the remainder when x(1) is divided by 19.
15
Let o(l) = -9 + 2 + 3 - 16 + l. Let a be o(0). Calculate the remainder when (3/(-5))/(2/a) is divided by 4.
2
Suppose -y + 11 = -43. Suppose -14*g = -19*g + 70. What is the remainder when y is divided by g?
12
Let s = -136 + 188. Calculate the remainder when s is divided by 22.
8
Suppose -23 + 123 = 5*k. What is the remainder when 59 is divided by k?
19
Suppose 3*k - 56 = 85. Calculate the remainder when k is divided by 16.
15
Let w = 25 + -5. Calculate the remainder when 54 is divided by w.
14
Suppose 5*g = 4*w + 26, 4*g + 4*w - 35 = -7. Suppose -3*c + 0 = -m - 1, 3 = 3*c. What is the remainder when g is divided by m?
0
Suppose 0 = 6*w - 16 - 14. What is the remainder when 6 is divided by w?
1
Let p = -1 + 4. Suppose -5*u - p + 48 = 0. Let x = 34 - 9. Calculate the remainder when x is divided by u.
7
Let m be 2 + 4/2 - 2. Suppose 0 = -2*a + 158 + 22. Suppose -j - d + 14 = -29, -m*j + a = -2*d. What is the remainder when j is divided by 15?
14
What is the remainder when 45 is divided by 4*(2 - 3) + 16?
9
Suppose -5*x + 6 + 4 = 0. Let d(m) = 3*m**2 - 3*m + 1. What is the remainder when 20 is divided by d(x)?
6
Let c(v) = 65*v**3. What is the remainder when c(1) is divided by 35 - (1*-1 + (-9 - -12))?
32
Let a = 10 + 32. Let m = a - 7. What is the remainder when m is divided by 18?
17
Suppose 0 = -0*x + 3*x - 30. Calculate the remainder when 29 is divided by x.
9
Let r = 17 - 6. Let p(q) = 6*q**3 - 2*q**2 - 2*q + 4. Calculate the remainder when p(2) is divided by r.
7
Let h be (-2 + 4)/((-1)/(-10)). Calculate the remainder when 13 is divided by 136/h - (-1)/5.
6
Suppose 104 = r + 2*r + x, -4*r + 122 = -2*x. Calculate the remainder when r is divided by 12.
9
Suppose 4*o = 3*a - 19, -3*o = -4*a + 2*o + 24. What is the remainder when 4 is divided by a?
0
Suppose 4*w = 5*v - 151, w + 4*w + 155 = 5*v. What is the remainder when 107 is divided by v?
26
Calculate the remainder when 213 is divided by (-2)/4 + 1 + (-642)/(-12).
51
Suppose 0 = 3*t + 49 - 229. Let s = 171 + -150. Calculate the remainder when t is divided by s.
18
Calculate the remainder when (186/15)/(2/5) is divided by 8.
7
Suppose 0*f = -z + 3*f + 4, -z + 5*f = 0. Suppose 0 = -3*i + 2*r + 28, 5*i - 5*r = 49 - 4. What is the remainder when (76/z)/(10/25) is divided by i?
9
Let r(y) = -y**3 + 7*y**2 + y + 6. Let g be r(7). Suppose -2*c + s + 30 = 0, 0 = 4*s + 3 + g. What is the remainder when c is divided by 7?
6
Let p(u) be the third derivative of 2*u**2 + 0 + 1/30*u**5 + 0*u + u**3 - 7/24*u**4. What is the remainder when 29 is divided by p(4)?
9
Let i(t) = -20*t + 3. Let v be i(3). Let j = -25 - v. What is the remainder when j is divided by 17?
15
Calculate the remainder when 10 is divided by 90/(-75)*5/(-2).
1
Suppose -2*q - 3*j = -51, 2*j = 3*q - 91 - 18. Let r be 17/4 + (-3)/12. Let k = r + 5. What is the remainder when q is divided by k?
6
Let t(z) = -z**2 + 13*z - 14. Calculate the remainder when t(10) is divided by 9.
7
Let w(s) = -1 + 4 + 3 - 1 + 6*s**2 + s**3. What is the remainder when 23 is divided by w(-6)?
3
Let o(s) = -4*s + s**3 + 3*s - 2 + 9*s**2 + 6*s. Suppose -65*a + 60 = -62*a. What is the remainder when o(-4) is divided by a?
18
Suppose -i + 3*x + 11 = -0*i, 0 = 5*i + 4*x + 2. Calculate the remainder when (5/15)/(2/114) is divided by 10 + -2 + i/1.
9
Let f(r) = r**3 - 4*r**2 + 8*r - 9. Let b = 16 + -10. Calculate the remainder when f(4) is divided by b.
5
Let n(k) = 11*k**2 + 3*k - 3. Calculate the remainder when n(-3) is divided by 30.
27
Let b = -4 + 8. Let j = b + -3. Suppose -5*w + 4 = -j. Calculate the remainder when 2 is divided by w.
0
Let r(b) = b**2 + 7*b - 16. Let d(g) = g**2 + 8*g - 15. Let h(q) = -6*d(q) + 5*r(q). Calculate the remainder when h(-9) is divided by 16.
14
Suppose -o - 51 = -4*o. What is the remainder when 66 is divided by o?
15
Let l be -3 + (2 - 0) + -56. Calculate the remainder when (-4 + 3)*l - 3 is divided by 14.
12
Let i(q) = 3*q**2 + 4*q - 3. Let z(f) = -23*f**3 + f. Let s be z(-1). Let r be (-3)/9 - s/6. Calculate the remainder when i(r) is divided by 10.
9
Suppose -3*w + 17 = -25. Suppose 3*m - 20 = 4. Calculate the remainder when w is divided by m.
6
Suppose 10*p + 3*p = 442. What is the remainder when 63 is divided by p?
29
Suppose 0 = -4*j + 421 + 131. Suppose -3*y = -4*y + 35. Calculate the remainder when j is divided by y.
33
Let w(m) = m**2 - 4. Suppose 0 = 11*d + 2*d - 1326. What is the remainder when d is divided by w(-5)?
18
Let l(d) = 3*d + 17. Let t(k) = -16*k - 85. Let m(i) = 11*l(i) + 2*t(i). Calculate the remainder when 2/((-12)/75)*-4 is divided by m(0).
16
Let m be (-20)/4*5*-1. Suppose 2*f + m = 7*f, 3*f + 90 = 5*a. Calculate the remainder when a is divided by 11.
10
Suppose 0 = -5*j + 18 + 12. Calculate the remainder when 18/j - 48/(-2) is divided by 14.
13
Let i(w) be the first derivative of w**4/4 + 2*w**3 - 3*w**2/2 - 11*w - 7. What is the remainder when i(-5) is divided by 15?
14
Let d = -4 + 7. Suppose y = f + d*f + 28, -21 = -2*y + f. What is the remainder when y is divided by 2*(-1)/((-2)/5)?
3
Suppose -x = 0, -5*x + 10*x = o - 200. Calculate the remainder when o is divided by 29.
26
Let o(u) = 4*u**2 - 4*u**2 - u**2 - 9 - 8*u. Calculate the remainder when 4 is divided by o(-6).
1
Let h(d) = d**3 + 2*d**2 - d + 58. Calculate the remainder when h(0) is divided by 12.
10
Suppose -4*t + z + z = -80, 5*t - 5*z - 110 = 0. Calculate the remainder when 50 is divided by t.
14
Suppose 4*c = 3*n - 45, -4*n - 4*c + 14 = -74. What is the remainder when 32 is divided by n?
13
Let m(o) = o**3 - 4*o**2 - 2*o - 7. Let a = -8 + 13. Calculate the remainder when 15 is divided by m(a).
7
Let x be 4/(-2) + 21/3. Suppose -104 = -4*g - 3*m, 0*m = -5*g - x*m + 125. Let b(y) = -y**2 + 7*y. Calculate the remainder when g is divided by b(5).
9
Suppose 5*i + 14 - 49 = 0. Let o = 0 + i. Let s(t) = t**2 + 6*t - 3. Calculate the remainder when o is divided by s(-7).
3
Let k be (-32)/(-8) - (2 + 0). Suppose -5*y - 5*x = -30, -3*x = k*y - 4*x - 12. What is the remainder when 11 is divided by y?
5
Let t = 2 + -2. Let c be t + (-3)/(-3) + 1. Suppose 0*m = c*m + g - 8, 31 = 5*m - 3*g. Calculate the remainder when 8 is divided by m.
3
Suppose -2*z - z = 0. Suppose -x + z*x = -70. Suppose 66 + x = 4*o. What is the remainder when o is divided by 18?
16
Let x(h) = -8*h - 6. Let a(b) = b**3 + 3*b**2 - 4*b + 4. Let o be a(-4). Let w = o + -8. What is the remainder when x(w) is divided by 14?
12
Suppose -2*n + 5 = -5. Let x(u) = 3*u**2 - n*u**2 + 3*u**2. Calculate the remainder when 7 is divided by x(2).
3
Let v(r) = -r**3 + 7*r**2 + 4*r + 2. Calculate the remainder when v(4) is divided by 23.
20
Let z(b) = 3*b + 31. Let g = 26 + 33. What is the remainder when g is divided by z(0)?
28
Suppose -200 = -5*o + 5*h, -5*h - 8 - 12 = 0. What is the remainder when o is divided by 13?
10
Let h = -22 - -23. What is the remainder when 15 is divided by 1/(-1) + h + 4?
3
Let m(i) be the first derivative of -i**4/4 - 8*i**3/3 + 7*i**2/2 - 3*i - 4. Calculate the remainder when m(-9) is divided by 4.
3
Let x(p) = -p**2 - 8*p - 5. What is the remainder when (-136)/(-6) + (-28)/(-21) + 2 is divided by x(-6)?
5
Let l(i) = -i**2 - 15*i - 5. What is the remainder when 56 is divided by l(-13)?
14
Let w(p) = -p**2 + 2. Let j be w(5). Let a = 12 - j. What is the remainder when a is divided by 9?
8
Suppose 5*r = p + 14, 5*r = -4*p + 57 + 12. Calculate the remainder when 19 is divided by p.
8
Let w = 453 + -285. Let m = 0 + 0. Suppose l + 2*l - w = m. Calculate the remainder when l is divided by 19.
18
Suppose 0 = 2*z + 2*q - 8 - 4, -4